{"id":963,"date":"2025-12-12T09:54:55","date_gmt":"2025-12-12T08:54:55","guid":{"rendered":"https:\/\/www.oblatcongo.org\/?page_id=963"},"modified":"2025-12-12T09:58:22","modified_gmt":"2025-12-12T08:58:22","slug":"notre-fondateur","status":"publish","type":"page","link":"https:\/\/www.oblatcongo.org\/index.php\/notre-fondateur\/","title":{"rendered":"Notre fondateur"},"content":{"rendered":"<div class=\"wp-block-image\">\n<figure class=\"aligncenter size-full\"><img loading=\"lazy\" decoding=\"async\" width=\"336\" height=\"480\" src=\"https:\/\/www.oblatcongo.org\/wp-content\/uploads\/2025\/12\/Eugene-de-Mazenod-2.jpg\" alt=\"\" class=\"wp-image-966\" srcset=\"https:\/\/www.oblatcongo.org\/wp-content\/uploads\/2025\/12\/Eugene-de-Mazenod-2.jpg 336w, https:\/\/www.oblatcongo.org\/wp-content\/uploads\/2025\/12\/Eugene-de-Mazenod-2-210x300.jpg 210w\" sizes=\"auto, (max-width: 336px) 100vw, 336px\" \/><\/figure>\n<\/div>\n\n\n<p class=\"has-text-align-center has-medium-font-size\"><strong>Saint Eug\u00e8ne de Mazenod<\/strong> (1782 -1861)<\/p>\n\n\n\n<p class=\"has-medium-font-size\">Il a fond\u00e9 en 1816 \u00e0 Aix-en-Provence, en France, la \u00ab\u00a0soci\u00e9t\u00e9 des missionnaires de Provence\u00a0\u00bb, reconnue en 1826 par le pape L\u00e9on XII comme \u00ab\u00a0Congr\u00e9gation des Missionnaires Oblats de Marie Immacul\u00e9e\u00a0\u00bb.<\/p>\n\n\n\n<p class=\"has-medium-font-size\">Il devient \u00e9v\u00eaque de Marseille en 1837.<\/p>\n\n\n\n<p class=\"has-medium-font-size\">B\u00e9atifi\u00e9 le 19 octobre 1975 par le pape Paul VI et canonis\u00e9 le 3 d\u00e9cembre 1995 par le pape Jean\u2011Paul II. Il est f\u00eat\u00e9 le 21 mai comme ap\u00f4tre ardent des pauvres et fondateur missionnaire.<\/p>\n\n\n\n<p><\/p>\n\n\n\n<p><\/p>\n","protected":false},"excerpt":{"rendered":"<div class=\"mh-excerpt\"><p>Saint Eug\u00e8ne de Mazenod (1782 -1861) Il a fond\u00e9 en 1816 \u00e0 Aix-en-Provence, en France, la \u00ab\u00a0soci\u00e9t\u00e9 des missionnaires de Provence\u00a0\u00bb, reconnue en 1826 par le pape L\u00e9on XII comme \u00ab\u00a0Congr\u00e9gation des Missionnaires Oblats de <a class=\"mh-excerpt-more\" href=\"https:\/\/www.oblatcongo.org\/index.php\/notre-fondateur\/\" title=\"Notre fondateur\">[Lire plus]<\/a><\/p>\n<\/div>","protected":false},"author":1,"featured_media":28,"parent":0,"menu_order":0,"comment_status":"closed","ping_status":"closed","template":"","meta":{"jetpack_post_was_ever_published":false,"footnotes":""},"class_list":["post-963","page","type-page","status-publish","has-post-thumbnail"],"jetpack_sharing_enabled":true,"_links":{"self":[{"href":"https:\/\/www.oblatcongo.org\/index.php\/wp-json\/wp\/v2\/pages\/963","targetHints":{"allow":["GET"]}}],"collection":[{"href":"https:\/\/www.oblatcongo.org\/index.php\/wp-json\/wp\/v2\/pages"}],"about":[{"href":"https:\/\/www.oblatcongo.org\/index.php\/wp-json\/wp\/v2\/types\/page"}],"author":[{"embeddable":true,"href":"https:\/\/www.oblatcongo.org\/index.php\/wp-json\/wp\/v2\/users\/1"}],"replies":[{"embeddable":true,"href":"https:\/\/www.oblatcongo.org\/index.php\/wp-json\/wp\/v2\/comments?post=963"}],"version-history":[{"count":2,"href":"https:\/\/www.oblatcongo.org\/index.php\/wp-json\/wp\/v2\/pages\/963\/revisions"}],"predecessor-version":[{"id":970,"href":"https:\/\/www.oblatcongo.org\/index.php\/wp-json\/wp\/v2\/pages\/963\/revisions\/970"}],"wp:featuredmedia":[{"embeddable":true,"href":"https:\/\/www.oblatcongo.org\/index.php\/wp-json\/wp\/v2\/media\/28"}],"wp:attachment":[{"href":"https:\/\/www.oblatcongo.org\/index.php\/wp-json\/wp\/v2\/media?parent=963"}],"curies":[{"name":"wp","href":"https:\/\/api.w.org\/{rel}","templated":true}]}}

<div class="wp-block-image">
<figure class="aligncenter size-full"><img loading="lazy" decoding="async" width="336" height="480" src="https://www.oblatcongo.org/wp-content/uploads/2025/12/Eugene-de-Mazenod-2.jpg" alt="" class="wp-image-966" srcset="https://www.oblatcongo.org/wp-content/uploads/2025/12/Eugene-de-Mazenod-2.jpg 336w, https://www.oblatcongo.org/wp-content/uploads/2025/12/Eugene-de-Mazenod-2-210x300.jpg 210w" sizes="auto, (max-width: 336px) 100vw, 336px" /></figure>
</div>


<p class="has-text-align-center has-medium-font-size"><strong>Saint Eugène de Mazenod</strong> (1782 -1861)</p>



<p class="has-medium-font-size">Il a fondé en 1816 à Aix-en-Provence, en France, la « société des missionnaires de Provence », reconnue en 1826 par le pape Léon XII comme « Congrégation des Missionnaires Oblats de Marie Immaculée ».</p>



<p class="has-medium-font-size">Il devient évêque de Marseille en 1837.</p>



<p class="has-medium-font-size">Béatifié le 19 octobre 1975 par le pape Paul VI et canonisé le 3 décembre 1995 par le pape Jean‑Paul II. Il est fêté le 21 mai comme apôtre ardent des pauvres et fondateur missionnaire.</p>



<p></p>



<p></p>

<div class="mh-excerpt"><p>Saint Eugène de Mazenod (1782 -1861) Il a fondé en 1816 à Aix-en-Provence, en France, la « société des missionnaires de Provence », reconnue en 1826 par le pape Léon XII comme « Congrégation des Missionnaires Oblats de <a class="mh-excerpt-more" href="https://www.oblatcongo.org/index.php/notre-fondateur/" title="Notre fondateur">[Lire plus]</a></p>
</div>
